[Sun Mar 15 18:15:45.843828 2026] [ssl:error] [pid 1793330:tid 1793349] [client 172.233.190.104:34506] AH02032: Hostname automacao.grupobig.com (default host as no SNI was provided) and hostname dedi-14684855.grupobig.com provided via HTTP have no compatible SSL setup for policy 'secure'
[Sun Mar 15 18:15:45.849184 2026] [ssl:error] [pid 1793193:tid 1793311] [client 172.233.190.104:34510] AH02032: Hostname automacao.grupobig.com (default host as no SNI was provided) and hostname dedi-14684855.grupobig.com provided via HTTP have no compatible SSL setup for policy 'secure'
[Sun Mar 15 18:15:46.686928 2026] [ssl:error] [pid 1793193:tid 1793278] [client 172.233.190.104:34532] AH02032: Hostname automacao.grupobig.com (default host as no SNI was provided) and hostname dedi-14684855.grupobig.com provided via HTTP have no compatible SSL setup for policy 'secure'
[Sun Mar 15 18:15:46.686941 2026] [ssl:error] [pid 1793198:tid 1793299] [client 172.233.190.104:34544] AH02032: Hostname automacao.grupobig.com (default host as no SNI was provided) and hostname dedi-14684855.grupobig.com provided via HTTP have no compatible SSL setup for policy 'secure'
[Sun Mar 15 18:15:48.977209 2026] [ssl:error] [pid 1793198:tid 1793305] [client 172.233.190.104:34546] AH02032: Hostname automacao.grupobig.com (default host as no SNI was provided) and hostname dedi-14684855.grupobig.com provided via HTTP have no compatible SSL setup for policy 'secure'
[Sun Mar 15 18:15:49.676220 2026] [ssl:error] [pid 1793193:tid 1793315] [client 172.233.190.104:46438] AH02032: Hostname automacao.grupobig.com (default host as no SNI was provided) and hostname dedi-14684855.grupobig.com provided via HTTP have no compatible SSL setup for policy 'secure'
[Sun Mar 15 18:15:50.704531 2026] [ssl:error] [pid 1793198:tid 1793275] [client 172.233.190.104:46450] AH02032: Hostname automacao.grupobig.com (default host as no SNI was provided) and hostname dedi-14684855.grupobig.com provided via HTTP have no compatible SSL setup for policy 'secure'
[Sun Mar 15 18:15:51.260583 2026] [cgid:error] [pid 1793188:tid 1793252] [client 172.233.190.104:49480] AH01264: stderr from /var/www/html/base.cgi: script not found or unable to stat
[Sun Mar 15 18:15:52.027177 2026] [ssl:error] [pid 1793198:tid 1793283] [client 172.233.190.104:46486] AH02032: Hostname automacao.grupobig.com (default host as no SNI was provided) and hostname dedi-14684855.grupobig.com provided via HTTP have no compatible SSL setup for policy 'secure'
[Sun Mar 15 18:15:52.107397 2026] [cgid:error] [pid 1793188:tid 1793255] [client 172.233.190.104:49512] AH01264: stderr from /var/www/html/default.pl: script not found or unable to stat
[Sun Mar 15 18:15:52.111150 2026] [ssl:error] [pid 1793198:tid 1793284] [client 172.233.190.104:46496] AH02032: Hostname automacao.grupobig.com (default host as no SNI was provided) and hostname dedi-14684855.grupobig.com provided via HTTP have no compatible SSL setup for policy 'secure'
[Sun Mar 15 18:15:52.201812 2026] [ssl:error] [pid 1793330:tid 1793344] [client 172.233.190.104:46498] AH02032: Hostname automacao.grupobig.com (default host as no SNI was provided) and hostname dedi-14684855.grupobig.com provided via HTTP have no compatible SSL setup for policy 'secure'
[Sun Mar 15 18:15:52.558201 2026] [ssl:error] [pid 1793198:tid 1793306] [client 172.233.190.104:46526] AH02032: Hostname automacao.grupobig.com (default host as no SNI was provided) and hostname dedi-14684855.grupobig.com provided via HTTP have no compatible SSL setup for policy 'secure'
[Sun Mar 15 18:15:52.577116 2026] [cgid:error] [pid 1793198:tid 1793271] [client 172.233.190.104:49552] AH01264: stderr from /var/www/html/index.cgi: script not found or unable to stat
[Sun Mar 15 18:15:53.227637 2026] [ssl:error] [pid 1793193:tid 1793313] [client 172.233.190.104:46540] AH02032: Hostname automacao.grupobig.com (default host as no SNI was provided) and hostname dedi-14684855.grupobig.com provided via HTTP have no compatible SSL setup for policy 'secure'
[Sun Mar 15 18:15:53.304559 2026] [ssl:error] [pid 1793190:tid 1793231] [client 172.233.190.104:46552] AH02032: Hostname automacao.grupobig.com (default host as no SNI was provided) and hostname dedi-14684855.grupobig.com provided via HTTP have no compatible SSL setup for policy 'secure'
[Sun Mar 15 18:15:53.472642 2026] [ssl:error] [pid 1793330:tid 1793351] [client 172.233.190.104:46560] AH02032: Hostname automacao.grupobig.com (default host as no SNI was provided) and hostname dedi-14684855.grupobig.com provided via HTTP have no compatible SSL setup for policy 'secure'
[Sun Mar 15 18:15:54.427475 2026] [ssl:error] [pid 1793330:tid 1793352] [client 172.233.190.104:46586] AH02032: Hostname automacao.grupobig.com (default host as no SNI was provided) and hostname dedi-14684855.grupobig.com provided via HTTP have no compatible SSL setup for policy 'secure'
[Sun Mar 15 18:15:54.427574 2026] [ssl:error] [pid 1793190:tid 1793214] [client 172.233.190.104:46584] AH02032: Hostname automacao.grupobig.com (default host as no SNI was provided) and hostname dedi-14684855.grupobig.com provided via HTTP have no compatible SSL setup for policy 'secure'
[Sun Mar 15 18:15:55.405772 2026] [ssl:error] [pid 1793198:tid 1793299] [client 172.233.190.104:46600] AH02032: Hostname automacao.grupobig.com (default host as no SNI was provided) and hostname dedi-14684855.grupobig.com provided via HTTP have no compatible SSL setup for policy 'secure'
[Sun Mar 15 18:15:56.791009 2026] [cgid:error] [pid 1793330:tid 1793343] [client 172.233.190.104:49728] AH01264: stderr from /var/www/html/admin.pl: script not found or unable to stat
[Sun Mar 15 18:15:56.908744 2026] [ssl:error] [pid 1793190:tid 1793225] [client 172.233.190.104:46616] AH02032: Hostname automacao.grupobig.com (default host as no SNI was provided) and hostname dedi-14684855.grupobig.com provided via HTTP have no compatible SSL setup for policy 'secure'
[Sun Mar 15 18:15:57.658162 2026] [ssl:error] [pid 1793193:tid 1793246] [client 172.233.190.104:46620] AH02032: Hostname automacao.grupobig.com (default host as no SNI was provided) and hostname dedi-14684855.grupobig.com provided via HTTP have no compatible SSL setup for policy 'secure'
[Sun Mar 15 18:15:59.966541 2026] [ssl:error] [pid 1793330:tid 1793348] [client 172.233.190.104:46642] AH02032: Hostname automacao.grupobig.com (default host as no SNI was provided) and hostname dedi-14684855.grupobig.com provided via HTTP have no compatible SSL setup for policy 'secure'
[Sun Mar 15 18:16:01.298961 2026] [ssl:error] [pid 1793330:tid 1793335] [client 172.233.190.104:53070] AH02032: Hostname automacao.grupobig.com (default host as no SNI was provided) and hostname dedi-14684855.grupobig.com provided via HTTP have no compatible SSL setup for policy 'secure'
[Sun Mar 15 18:16:01.369329 2026] [ssl:error] [pid 1793330:tid 1793355] [client 172.233.190.104:53082] AH02032: Hostname automacao.grupobig.com (default host as no SNI was provided) and hostname dedi-14684855.grupobig.com provided via HTTP have no compatible SSL setup for policy 'secure'
[Sun Mar 15 18:16:01.373204 2026] [ssl:error] [pid 1793198:tid 1793275] [client 172.233.190.104:53106] AH02032: Hostname automacao.grupobig.com (default host as no SNI was provided) and hostname dedi-14684855.grupobig.com provided via HTTP have no compatible SSL setup for policy 'secure'
[Sun Mar 15 18:16:02.699823 2026] [ssl:error] [pid 1793193:tid 1793288] [client 172.233.190.104:53164] AH02032: Hostname automacao.grupobig.com (default host as no SNI was provided) and hostname dedi-14684855.grupobig.com provided via HTTP have no compatible SSL setup for policy 'secure'
[Sun Mar 15 18:16:05.157916 2026] [cgid:error] [pid 1793198:tid 1793268] [client 172.233.190.104:32836] AH01264: stderr from /var/www/html/admin.cgi: script not found or unable to stat
[Sun Mar 15 18:16:05.158381 2026] [ssl:error] [pid 1793330:tid 1793348] [client 172.233.190.104:53170] AH02032: Hostname automacao.grupobig.com (default host as no SNI was provided) and hostname dedi-14684855.grupobig.com provided via HTTP have no compatible SSL setup for policy 'secure'
[Sun Mar 15 18:16:05.158530 2026] [ssl:error] [pid 1793198:tid 1793289] [client 172.233.190.104:53186] AH02032: Hostname automacao.grupobig.com (default host as no SNI was provided) and hostname dedi-14684855.grupobig.com provided via HTTP have no compatible SSL setup for policy 'secure'
[Sun Mar 15 18:16:06.257396 2026] [ssl:error] [pid 1793330:tid 1793332] [client 172.233.190.104:53240] AH02032: Hostname automacao.grupobig.com (default host as no SNI was provided) and hostname dedi-14684855.grupobig.com provided via HTTP have no compatible SSL setup for policy 'secure'
[Sun Mar 15 18:16:06.487968 2026] [ssl:error] [pid 1793190:tid 1793256] [client 172.233.190.104:53266] AH02032: Hostname automacao.grupobig.com (default host as no SNI was provided) and hostname dedi-14684855.grupobig.com provided via HTTP have no compatible SSL setup for policy 'secure'
[Sun Mar 15 19:02:01.240331 2026] [cgid:error] [pid 1793330:tid 1793339] [client 20.214.137.177:4454] AH01265: stderr from /home/grupo692/public_html/cgi-bin/: attempt to invoke directory as script
[Sun Mar 15 19:48:05.532449 2026] [cgid:error] [pid 1793190:tid 1793251] [client 20.194.2.185:8311] AH01265: stderr from /home/grupo692/public_html/cgi-bin/: attempt to invoke directory as script
[Sun Mar 15 20:57:46.034305 2026] [cgid:error] [pid 1793190:tid 1793225] [client 45.148.10.120:41196] AH01265: stderr from /home/grupo692/automacao.grupobig.com/cgi-bin/: attempt to invoke directory as script
[Sun Mar 15 21:20:20.924054 2026] [core:error] [pid 1793198:tid 1793275] [client 181.176.14.90:58066] AH10244: invalid URI path (/cgi-bin/.%2e/.%2e/.%2e/.%2e/.%2e/.%2e/.%2e/.%2e/.%2e/.%2e/bin/sh)
[Sun Mar 15 21:20:21.762044 2026] [core:error] [pid 1793330:tid 1793342] [client 181.176.14.90:58074] AH10244: invalid URI path (/cgi-bin/%%32%65%%32%65/%%32%65%%32%65/%%32%65%%32%65/%%32%65%%32%65/%%32%65%%32%65/%%32%65%%32%65/%%32%65%%32%65/bin/sh)
[Sun Mar 15 22:26:37.338716 2026] [core:error] [pid 1793190:tid 1793243] [client 185.177.72.30:62052] AH10244: invalid URI path (/%u002f%u002eenv%00.jpg)
[Sun Mar 15 22:36:20.790953 2026] [core:error] [pid 1793330:tid 1793332] [client 185.177.72.22:45268] AH10244: invalid URI path (/%u002f%u002eenv%00.jpg)
[Sun Mar 15 22:52:25.420221 2026] [core:error] [pid 1793330:tid 1793348] [client 147.93.179.130:40214] AH10244: invalid URI path (/cgi-bin/.%2e/.%2e/.%2e/.%2e/.%2e/.%2e/.%2e/.%2e/.%2e/.%2e/bin/sh)
[Sun Mar 15 22:52:25.559621 2026] [core:error] [pid 1793330:tid 1793351] [client 147.93.179.130:40222] AH10244: invalid URI path (/cgi-bin/%%32%65%%32%65/%%32%65%%32%65/%%32%65%%32%65/%%32%65%%32%65/%%32%65%%32%65/%%32%65%%32%65/%%32%65%%32%65/bin/sh)
[Mon Mar 16 00:22:53.555254 2026] [core:error] [pid 1793198:tid 1793295] [client 185.177.72.49:58342] AH10244: invalid URI path (/%u002f%u002eenv)
[Mon Mar 16 00:30:21.899520 2026] [core:error] [pid 1793188:tid 1793255] [client 185.177.72.22:4040] AH10244: invalid URI path (/%u002f%u002eenv)
[Mon Mar 16 00:30:22.423700 2026] [core:error] [pid 1793193:tid 1793313] [client 185.177.72.22:4046] AH10244: invalid URI path (/%u002f%u002egit%u002fconfig)
[Mon Mar 16 00:30:22.933138 2026] [core:error] [pid 1793330:tid 1793336] [client 185.177.72.22:4054] AH10244: invalid URI path (/%u002f%u002eenv%u002esave)
[Mon Mar 16 00:30:23.433500 2026] [core:error] [pid 1793198:tid 1793267] [client 185.177.72.22:4060] AH10244: invalid URI path (/%u002fbackend%u002f%u002eenv)
[Mon Mar 16 00:30:23.950174 2026] [core:error] [pid 1793330:tid 1793346] [client 185.177.72.22:4062] AH10244: invalid URI path (/%u002f%u002eaws%u002fcredentials)
[Mon Mar 16 00:30:24.400587 2026] [core:error] [pid 1793188:tid 1793199] [client 185.177.72.22:4074] AH10244: invalid URI path (/%u002fcareers_not_hosted)
[Mon Mar 16 00:30:24.901109 2026] [core:error] [pid 1793330:tid 1793334] [client 185.177.72.22:4078] AH10244: invalid URI path (/%u002faws-codecommit%u002f)
[Mon Mar 16 00:30:25.419388 2026] [core:error] [pid 1793190:tid 1793257] [client 185.177.72.22:4086] AH10244: invalid URI path (/%u002fhome%u002fadmin%u002f%u002eaws%u002fcredentials)
[Mon Mar 16 01:34:16.583076 2026] [core:error] [pid 1793330:tid 1793345] [client 51.158.200.62:24184] AH10244: invalid URI path (/cgi-bin/.%2e/.%2e/.%2e/.%2e/.%2e/.%2e/.%2e/.%2e/.%2e/.%2e/bin/sh)
[Mon Mar 16 01:34:17.071219 2026] [core:error] [pid 1793330:tid 1793347] [client 51.158.200.62:24190] AH10244: invalid URI path (/cgi-bin/%%32%65%%32%65/%%32%65%%32%65/%%32%65%%32%65/%%32%65%%32%65/%%32%65%%32%65/%%32%65%%32%65/%%32%65%%32%65/bin/sh)
[Mon Mar 16 01:41:14.613584 2026] [core:error] [pid 1793198:tid 1793284] [client 185.177.72.30:28936] AH10244: invalid URI path (/%u002f%u002eenv)
[Mon Mar 16 01:41:15.544627 2026] [core:error] [pid 1793190:tid 1793226] [client 185.177.72.30:28940] AH10244: invalid URI path (/%u002f%u002egit%u002fconfig)
[Mon Mar 16 01:41:16.616548 2026] [core:error] [pid 1793190:tid 1793230] [client 185.177.72.30:28948] AH10244: invalid URI path (/%u002f%u002eenv%u002esave)
[Mon Mar 16 01:41:16.956321 2026] [core:error] [pid 1793198:tid 1793302] [client 185.177.72.30:28958] AH10244: invalid URI path (/%u002fbackend%u002f%u002eenv)
[Mon Mar 16 01:50:42.964321 2026] [core:error] [pid 1793198:tid 1793279] [client 185.177.72.22:49098] AH10244: invalid URI path (/%u002f%u002eenv)
[Mon Mar 16 01:50:43.476167 2026] [core:error] [pid 1793188:tid 1793265] [client 185.177.72.22:49114] AH10244: invalid URI path (/%u002f%u002egit%u002fconfig)
[Mon Mar 16 01:50:43.925016 2026] [core:error] [pid 1793188:tid 1793252] [client 185.177.72.22:49118] AH10244: invalid URI path (/%u002f%u002eenv%u002esave)
[Mon Mar 16 01:50:44.384617 2026] [core:error] [pid 1793330:tid 1793356] [client 185.177.72.22:49134] AH10244: invalid URI path (/%u002fbackend%u002f%u002eenv)
[Mon Mar 16 01:50:44.852670 2026] [core:error] [pid 1793198:tid 1793281] [client 185.177.72.22:49140] AH10244: invalid URI path (/%u002f%u002eaws%u002fcredentials)
[Mon Mar 16 01:50:45.362859 2026] [core:error] [pid 1793330:tid 1793343] [client 185.177.72.22:49154] AH10244: invalid URI path (/%u002fcareers_not_hosted)
[Mon Mar 16 01:50:45.881339 2026] [core:error] [pid 1793330:tid 1793342] [client 185.177.72.22:49162] AH10244: invalid URI path (/%u002faws-codecommit%u002f)
[Mon Mar 16 01:50:46.337736 2026] [core:error] [pid 1793198:tid 1793267] [client 185.177.72.22:49174] AH10244: invalid URI path (/%u002fhome%u002fadmin%u002f%u002eaws%u002fcredentials)
[Mon Mar 16 05:13:06.413802 2026] [ssl:error] [pid 1793198:tid 1793271] [client 18.235.110.182:27701] AH02032: Hostname automacao.grupobig.com (default host as no SNI was provided) and hostname whm.trabalheconosco.grupobig.com provided via HTTP have no compatible SSL setup for policy 'secure'
[Mon Mar 16 05:26:09.989152 2026] [ssl:error] [pid 1793190:tid 1793215] [client 18.235.110.182:26722] AH02032: Hostname automacao.grupobig.com (default host as no SNI was provided) and hostname www.teste.grupobig.com provided via HTTP have no compatible SSL setup for policy 'secure'
[Mon Mar 16 05:46:11.585641 2026] [core:error] [pid 1793190:tid 1793259] [client 43.142.87.72:53814] AH10244: invalid URI path (/cgi-bin/.%2e/.%2e/.%2e/.%2e/.%2e/.%2e/.%2e/.%2e/.%2e/.%2e/bin/sh)
[Mon Mar 16 05:54:23.956897 2026] [cgid:error] [pid 1793193:tid 1793246] [client 185.177.72.52:46114] AH01264: stderr from /var/www/html/dnscfg.cgi: script not found or unable to stat
[Mon Mar 16 05:54:45.463835 2026] [cgid:error] [pid 1793190:tid 1793248] [client 185.177.72.52:18102] AH01264: stderr from /var/www/html/dnscfg.cgi: script not found or unable to stat
[Mon Mar 16 05:54:55.562862 2026] [cgid:error] [pid 1793188:tid 1793213] [client 185.177.72.52:12430] AH01264: stderr from /var/www/html/sysinfo.cgi: script not found or unable to stat
[Mon Mar 16 06:25:46.303677 2026] [cgid:error] [pid 1793330:tid 1793346] [client 45.148.10.159:37348] AH01265: stderr from /home/grupo692/licenciadas.grupobig.com/cgi-bin/: attempt to invoke directory as script
[Mon Mar 16 06:30:22.634308 2026] [cgid:error] [pid 1793190:tid 1793218] [client 20.220.15.47:64803] AH01265: stderr from /home/grupo692/public_html/cgi-bin/: attempt to invoke directory as script
[Mon Mar 16 06:42:36.481411 2026] [authz_core:error] [pid 1793193:tid 1793303] [client 195.178.110.109:26274] AH01630: client denied by server configuration: /var/www/html/.htaccess
[Mon Mar 16 06:42:36.657000 2026] [authz_core:error] [pid 1793193:tid 1793233] [client 195.178.110.109:26274] AH01630: client denied by server configuration: /var/www/html/.htpasswd
[Mon Mar 16 06:42:37.463913 2026] [authz_core:error] [pid 1793193:tid 1793216] [client 195.178.110.109:26274] AH01630: client denied by server configuration: /var/www/html/error_log
[Mon Mar 16 07:47:01.444729 2026] [ssl:error] [pid 1793198:tid 1793281] [client 54.86.115.253:2893] AH02032: Hostname automacao.grupobig.com (default host as no SNI was provided) and hostname webmail.trabalheconosco.grupobig.com provided via HTTP have no compatible SSL setup for policy 'secure'
[Mon Mar 16 07:52:49.246581 2026] [cgid:error] [pid 1793188:tid 1793209] [client 34.79.80.71:33552] AH01265: stderr from /home/grupo692/automacao.grupobig.com/cgi-bin/: attempt to invoke directory as script
[Mon Mar 16 08:25:26.777993 2026] [authz_core:error] [pid 1793193:tid 1793317] [client 185.177.72.49:33528] AH01630: client denied by server configuration: /var/www/html/.htaccess
[Mon Mar 16 08:25:26.925381 2026] [authz_core:error] [pid 1793193:tid 1793314] [client 185.177.72.49:33528] AH01630: client denied by server configuration: /var/www/html/.htpasswd
[Mon Mar 16 08:30:24.949923 2026] [authz_core:error] [pid 1793330:tid 1793350] [client 185.177.72.38:51614] AH01630: client denied by server configuration: /home/grupo692/automacao.grupobig.com/.htaccess
[Mon Mar 16 08:30:25.110764 2026] [authz_core:error] [pid 1793330:tid 1793356] [client 185.177.72.38:51614] AH01630: client denied by server configuration: /home/grupo692/automacao.grupobig.com/.htpasswd
[Mon Mar 16 08:31:52.626663 2026] [authz_core:error] [pid 1793190:tid 1793261] [client 185.177.72.38:19036] AH01630: client denied by server configuration: /home/grupo692/automacao.grupobig.com/.htaccess
[Mon Mar 16 08:31:52.793004 2026] [authz_core:error] [pid 1793190:tid 1793256] [client 185.177.72.38:19036] AH01630: client denied by server configuration: /home/grupo692/automacao.grupobig.com/.htpasswd
[Mon Mar 16 09:13:44.474275 2026] [core:error] [pid 1793330:tid 1793353] [client 160.30.4.76:41058] AH10244: invalid URI path (/cgi-bin/.%2e/.%2e/.%2e/.%2e/.%2e/.%2e/.%2e/.%2e/.%2e/.%2e/bin/sh)
[Mon Mar 16 13:30:59.272141 2026] [ssl:error] [pid 1793330:tid 1793340] [client 89.208.64.119:34895] AH02032: Hostname www.grupobig.com provided via SNI and hostname www.padphoenixretail.com provided via HTTP have no compatible SSL setup for policy 'secure'
[Mon Mar 16 15:20:52.939299 2026] [cgid:error] [pid 1793190:tid 1793234] [client 45.156.128.167:51896] AH01264: stderr from /var/www/html/ssi.cgi: script not found or unable to stat
[Mon Mar 16 15:54:33.157398 2026] [cgid:error] [pid 1793330:tid 1793355] [client 199.45.154.112:46320] AH01265: stderr from /home/grupo692/licenciadas.grupobig.com/cgi-bin/: attempt to invoke directory as script, referer: http://licenciadas.grupobig.com:80/cgi-bin
[Mon Mar 16 17:12:02.021230 2026] [cgid:error] [pid 1793330:tid 1793347] [client 66.132.153.143:26696] AH01265: stderr from /home/grupo692/licenciadas.grupobig.com/cgi-bin/: attempt to invoke directory as script, referer: http://licenciadas.grupobig.com:80/cgi-bin
[Mon Mar 16 17:29:19.894773 2026] [core:error] [pid 1793330:tid 1793342] [client 123.147.91.195:42648] AH10244: invalid URI path (/cgi-bin/.%2e/.%2e/.%2e/.%2e/.%2e/.%2e/.%2e/.%2e/.%2e/.%2e/bin/sh)
[Mon Mar 16 17:29:21.271396 2026] [core:error] [pid 1793198:tid 1793295] [client 123.147.91.195:42658] AH10244: invalid URI path (/cgi-bin/%%32%65%%32%65/%%32%65%%32%65/%%32%65%%32%65/%%32%65%%32%65/%%32%65%%32%65/%%32%65%%32%65/%%32%65%%32%65/bin/sh)
[Mon Mar 16 17:49:52.263647 2026] [cgid:error] [pid 1793330:tid 1793351] [client 66.132.153.118:28456] AH01265: stderr from /home/grupo692/automacao.grupobig.com/cgi-bin/: attempt to invoke directory as script, referer: https://162.214.65.118:443/cgi-bin
[Mon Mar 16 17:58:45.925252 2026] [cgid:error] [pid 1793190:tid 1793243] [client 167.94.146.62:49206] AH01265: stderr from /home/grupo692/licenciadas.grupobig.com/cgi-bin/: attempt to invoke directory as script, referer: https://licenciadas.grupobig.com:443/cgi-bin
[Mon Mar 16 18:03:05.311793 2026] [cgid:error] [pid 1793188:tid 1793235] [client 162.142.125.206:23504] AH01265: stderr from /home/grupo692/automacao.grupobig.com/cgi-bin/: attempt to invoke directory as script, referer: https://162.214.65.118:443/cgi-bin
[Mon Mar 16 18:05:17.669142 2026] [cgid:error] [pid 1793330:tid 1793348] [client 199.45.155.97:16512] AH01265: stderr from /home/grupo692/licenciadas.grupobig.com/cgi-bin/: attempt to invoke directory as script, referer: https://licenciadas.grupobig.com:443/cgi-bin
[Mon Mar 16 18:16:49.682632 2026] [cgid:error] [pid 1793330:tid 1793350] [client 103.213.112.183:44927] AH01264: stderr from /var/www/html/setup.cgi: script not found or unable to stat
[Mon Mar 16 18:51:22.409170 2026] [core:error] [pid 1793330:tid 1793340] [client 115.190.29.141:28056] AH10244: invalid URI path (/cgi-bin/.%2e/.%2e/.%2e/.%2e/.%2e/.%2e/.%2e/.%2e/.%2e/.%2e/bin/sh)
[Mon Mar 16 19:05:46.868400 2026] [core:error] [pid 1793330:tid 1793346] [client 152.32.128.212:49098] AH10244: invalid URI path (/cgi-bin/.%2e/.%2e/.%2e/.%2e/.%2e/.%2e/.%2e/.%2e/.%2e/.%2e/bin/sh)
[Mon Mar 16 20:16:16.747568 2026] [cgid:error] [pid 1793330:tid 1793351] [client 111.92.146.64:42973] AH01264: stderr from /var/www/html/setup.cgi: script not found or unable to stat
[Mon Mar 16 20:43:02.287991 2026] [cgid:error] [pid 1793330:tid 1793351] [client 20.194.2.185:3627] AH01265: stderr from /home/grupo692/public_html/cgi-bin/: attempt to invoke directory as script
[Mon Mar 16 20:48:43.907282 2026] [core:error] [pid 1793330:tid 1793347] [client 36.154.50.214:36670] AH10244: invalid URI path (/cgi-bin/.%2e/.%2e/.%2e/.%2e/.%2e/.%2e/.%2e/.%2e/.%2e/.%2e/bin/sh)
[Mon Mar 16 20:53:15.241710 2026] [authz_core:error] [pid 1793188:tid 1793262] [client 3.34.184.218:37152] AH01630: client denied by server configuration: /home/grupo692/automacao.grupobig.com/php.ini
[Mon Mar 16 20:53:26.567962 2026] [authz_core:error] [pid 1793198:tid 1793306] [client 3.34.184.218:39358] AH01630: client denied by server configuration: /home/grupo692/automacao.grupobig.com/php.ini
[Mon Mar 16 21:14:49.181609 2026] [cgid:error] [pid 1793330:tid 1793350] [client 185.177.72.52:50018] AH01264: stderr from /var/www/html/dnscfg.cgi: script not found or unable to stat
[Mon Mar 16 21:15:22.625850 2026] [cgid:error] [pid 1793330:tid 1793346] [client 185.177.72.52:25316] AH01264: stderr from /var/www/html/sysinfo.cgi: script not found or unable to stat
[Tue Mar 17 00:12:56.384562 2026] [ssl:error] [pid 1793330:tid 1793333] [client 3.233.59.216:26363] AH02032: Hostname automacao.grupobig.com (default host as no SNI was provided) and hostname mail.grupobig.com provided via HTTP have no compatible SSL setup for policy 'secure'
[Tue Mar 17 00:24:10.893922 2026] [core:error] [pid 1793193:tid 1793288] [client 75.119.132.166:55462] AH10244: invalid URI path (/cgi-bin/.%2e/.%2e/.%2e/.%2e/.%2e/.%2e/.%2e/.%2e/.%2e/.%2e/bin/sh)
[Tue Mar 17 00:24:11.232888 2026] [core:error] [pid 1793330:tid 1793355] [client 75.119.132.166:56494] AH10244: invalid URI path (/cgi-bin/%%32%65%%32%65/%%32%65%%32%65/%%32%65%%32%65/%%32%65%%32%65/%%32%65%%32%65/%%32%65%%32%65/%%32%65%%32%65/bin/sh)
[Tue Mar 17 00:41:57.762575 2026] [core:error] [pid 1793330:tid 1793344] [client 118.145.106.2:39116] AH10244: invalid URI path (/cgi-bin/.%2e/.%2e/.%2e/.%2e/.%2e/.%2e/.%2e/.%2e/.%2e/.%2e/bin/sh)
[Tue Mar 17 00:41:59.155743 2026] [core:error] [pid 1793330:tid 1793335] [client 118.145.106.2:39132] AH10244: invalid URI path (/cgi-bin/%%32%65%%32%65/%%32%65%%32%65/%%32%65%%32%65/%%32%65%%32%65/%%32%65%%32%65/%%32%65%%32%65/%%32%65%%32%65/bin/sh)
[Tue Mar 17 00:49:16.468685 2026] [core:error] [pid 1793330:tid 1793345] [client 185.177.72.30:63490] AH10244: invalid URI path (/%u002f%u002eenv)
[Tue Mar 17 00:49:16.809913 2026] [core:error] [pid 1793193:tid 1793222] [client 185.177.72.30:63498] AH10244: invalid URI path (/%u002f%u002egit%u002fconfig)
[Tue Mar 17 00:49:17.852888 2026] [core:error] [pid 1793198:tid 1793267] [client 185.177.72.30:47254] AH10244: invalid URI path (/%u002f%u002eenv%u002esave)
[Tue Mar 17 00:49:18.757104 2026] [core:error] [pid 1793330:tid 1793342] [client 185.177.72.30:47268] AH10244: invalid URI path (/%u002fbackend%u002f%u002eenv)
[Tue Mar 17 00:49:19.095999 2026] [core:error] [pid 1793198:tid 1793297] [client 185.177.72.30:47280] AH10244: invalid URI path (/%u002f%u002eaws%u002fcredentials)
[Tue Mar 17 00:49:19.397943 2026] [core:error] [pid 1793198:tid 1793292] [client 185.177.72.30:47292] AH10244: invalid URI path (/%u002fcareers_not_hosted)
[Tue Mar 17 00:49:20.350172 2026] [core:error] [pid 1793198:tid 1793271] [client 185.177.72.30:47300] AH10244: invalid URI path (/%u002faws-codecommit%u002f)
[Tue Mar 17 00:49:20.692382 2026] [core:error] [pid 1793190:tid 1793251] [client 185.177.72.30:47316] AH10244: invalid URI path (/%u002fhome%u002fadmin%u002f%u002eaws%u002fcredentials)
[Tue Mar 17 00:57:09.758649 2026] [core:error] [pid 1793330:tid 1793345] [client 185.177.72.13:22554] AH10244: invalid URI path (/%u002f%u002eenv)
[Tue Mar 17 00:57:10.224925 2026] [core:error] [pid 1793330:tid 1793337] [client 185.177.72.13:22566] AH10244: invalid URI path (/%u002f%u002egit%u002fconfig)
[Tue Mar 17 00:57:10.736791 2026] [core:error] [pid 1793198:tid 1793287] [client 185.177.72.13:22578] AH10244: invalid URI path (/%u002f%u002eenv%u002esave)
[Tue Mar 17 00:57:11.184702 2026] [core:error] [pid 1793198:tid 1793306] [client 185.177.72.13:17228] AH10244: invalid URI path (/%u002fbackend%u002f%u002eenv)
[Tue Mar 17 00:57:11.703551 2026] [core:error] [pid 1793198:tid 1793293] [client 185.177.72.13:17240] AH10244: invalid URI path (/%u002f%u002eaws%u002fcredentials)
[Tue Mar 17 00:57:12.229546 2026] [core:error] [pid 1793198:tid 1793284] [client 185.177.72.13:17250] AH10244: invalid URI path (/%u002fcareers_not_hosted)
[Tue Mar 17 00:57:12.740716 2026] [core:error] [pid 1793330:tid 1793341] [client 185.177.72.13:17256] AH10244: invalid URI path (/%u002faws-codecommit%u002f)
[Tue Mar 17 00:57:13.239484 2026] [core:error] [pid 1793330:tid 1793352] [client 185.177.72.13:17264] AH10244: invalid URI path (/%u002fhome%u002fadmin%u002f%u002eaws%u002fcredentials)
[Tue Mar 17 01:02:42.726593 2026] [core:error] [pid 1793190:tid 1793237] [client 61.245.11.87:46840] AH10244: invalid URI path (/cgi-bin/.%2e/.%2e/.%2e/.%2e/.%2e/.%2e/.%2e/.%2e/.%2e/.%2e/bin/sh)
[Tue Mar 17 02:13:34.586194 2026] [core:error] [pid 1793330:tid 1793354] [client 163.7.9.54:53838] AH10244: invalid URI path (/cgi-bin/.%2e/.%2e/.%2e/.%2e/.%2e/.%2e/.%2e/.%2e/.%2e/.%2e/bin/sh)
[Tue Mar 17 02:13:40.150054 2026] [core:error] [pid 1793330:tid 1793345] [client 163.7.9.54:53854] AH10244: invalid URI path (/cgi-bin/%%32%65%%32%65/%%32%65%%32%65/%%32%65%%32%65/%%32%65%%32%65/%%32%65%%32%65/%%32%65%%32%65/%%32%65%%32%65/bin/sh)
[Tue Mar 17 02:23:48.323489 2026] [core:error] [pid 1793193:tid 1793303] [client 24.84.30.89:57724] AH10244: invalid URI path (/cgi-bin/.%2e/.%2e/.%2e/.%2e/.%2e/.%2e/.%2e/.%2e/.%2e/.%2e/bin/sh)
[Tue Mar 17 02:23:53.134701 2026] [core:error] [pid 1793330:tid 1793348] [client 24.84.30.89:58456] AH10244: invalid URI path (/cgi-bin/%%32%65%%32%65/%%32%65%%32%65/%%32%65%%32%65/%%32%65%%32%65/%%32%65%%32%65/%%32%65%%32%65/%%32%65%%32%65/bin/sh)
[Tue Mar 17 02:42:47.229114 2026] [core:error] [pid 1793198:tid 1793302] [client 43.139.29.111:52308] AH10244: invalid URI path (/cgi-bin/.%2e/.%2e/.%2e/.%2e/.%2e/.%2e/.%2e/.%2e/.%2e/.%2e/bin/sh)
[Tue Mar 17 02:43:03.271151 2026] [core:error] [pid 1793190:tid 1793248] [client 43.139.29.111:54662] AH10244: invalid URI path (/cgi-bin/%%32%65%%32%65/%%32%65%%32%65/%%32%65%%32%65/%%32%65%%32%65/%%32%65%%32%65/%%32%65%%32%65/%%32%65%%32%65/bin/sh)
[Tue Mar 17 04:22:43.891776 2026] [core:error] [pid 1793198:tid 1793295] [client 43.129.218.231:40770] AH10244: invalid URI path (/cgi-bin/.%2e/.%2e/.%2e/.%2e/.%2e/.%2e/.%2e/.%2e/.%2e/.%2e/bin/sh)
[Tue Mar 17 06:19:48.592894 2026] [cgid:error] [pid 1793330:tid 1793346] [client 74.7.243.44:50216] AH01265: stderr from /home/grupo692/automacao.grupobig.com/cgi-bin/: attempt to invoke directory as script, referer: https://ns1.grupobig.com/?pcmypage%3Fcallback=product%2Freview%2F12195440
[Tue Mar 17 06:22:25.188527 2026] [core:error] [pid 1793330:tid 1793354] [client 114.111.54.188:34012] AH10244: invalid URI path (/cgi-bin/.%2e/.%2e/.%2e/.%2e/.%2e/.%2e/.%2e/.%2e/.%2e/.%2e/bin/sh)
[Tue Mar 17 06:22:25.534278 2026] [core:error] [pid 1793198:tid 1793268] [client 114.111.54.188:34016] AH10244: invalid URI path (/cgi-bin/%%32%65%%32%65/%%32%65%%32%65/%%32%65%%32%65/%%32%65%%32%65/%%32%65%%32%65/%%32%65%%32%65/%%32%65%%32%65/bin/sh)
[Tue Mar 17 08:50:03.138703 2026] [cgid:error] [pid 1793198:tid 1793286] [client 34.52.173.82:55224] AH01265: stderr from /home/grupo692/automacao.grupobig.com/cgi-bin/: attempt to invoke directory as script
[Tue Mar 17 09:27:31.508602 2026] [cgid:error] [pid 1793330:tid 1793350] [client 199.45.154.139:37672] AH01265: stderr from /home/grupo692/teste.grupobig.com/cgi-bin/: attempt to invoke directory as script, referer: http://teste.grupobig.com:80/cgi-bin
[Tue Mar 17 09:44:50.313003 2026] [cgid:error] [pid 1793193:tid 1793216] [client 199.45.154.126:49412] AH01265: stderr from /home/grupo692/teste.grupobig.com/cgi-bin/: attempt to invoke directory as script, referer: http://teste.grupobig.com:80/cgi-bin
[Tue Mar 17 09:47:15.759579 2026] [mpm_event:notice] [pid 206295:tid 206295] AH00493: SIGUSR1 received. Doing graceful restart
[Tue Mar 17 09:47:16.780574 2026] [:notice] [pid 1793184:tid 1793184] [host dedi-14684855.grupobig.com] mod_lsapi: Selfstarter 1793184 stopped
[Tue Mar 17 09:47:16.833675 2026] [lsapi:notice] [pid 206295:tid 206295] mod_lsapi: version 1.1-81
[Tue Mar 17 09:47:16.835322 2026] [:notice] [pid 2354519:tid 2354519] [host dedi-14684855.grupobig.com] mod_lsapi: Selfstarter 2354519 started
[Tue Mar 17 09:47:16.855628 2026] [mpm_event:notice] [pid 206295:tid 206295] AH00489: Apache/2.4.66 (cPanel) OpenSSL/3.5.1 mod_bwlimited/1.4 configured -- resuming normal operations
[Tue Mar 17 09:47:16.855662 2026] [core:notice] [pid 206295:tid 206295] AH00094: Command line: '/usr/sbin/httpd'
[Tue Mar 17 09:54:32.107588 2026] [cgid:error] [pid 2354538:tid 2354616] [client 199.45.154.148:59070] AH01265: stderr from /home/grupo692/teste.grupobig.com/cgi-bin/: attempt to invoke directory as script, referer: https://teste.grupobig.com:443/cgi-bin
[Tue Mar 17 10:11:07.959607 2026] [cgid:error] [pid 2354636:tid 2354651] [client 167.94.138.34:32866] AH01265: stderr from /home/grupo692/teste.grupobig.com/cgi-bin/: attempt to invoke directory as script, referer: https://teste.grupobig.com:443/cgi-bin
[Tue Mar 17 10:24:21.019169 2026] [core:error] [pid 2354522:tid 2354526] [client 61.245.11.87:54386] AH10244: invalid URI path (/cgi-bin/.%2e/.%2e/.%2e/.%2e/.%2e/.%2e/.%2e/.%2e/.%2e/.%2e/bin/sh)
[Tue Mar 17 10:24:21.526991 2026] [core:error] [pid 2354523:tid 2354557] [client 61.245.11.87:54392] AH10244: invalid URI path (/cgi-bin/%%32%65%%32%65/%%32%65%%32%65/%%32%65%%32%65/%%32%65%%32%65/%%32%65%%32%65/%%32%65%%32%65/%%32%65%%32%65/bin/sh)
[Tue Mar 17 10:58:20.433101 2026] [core:error] [pid 2354525:tid 2354583] [client 185.177.72.51:62144] AH10244: invalid URI path (/%u002f%u002eaws%u002fcredentials)
[Tue Mar 17 10:58:22.290712 2026] [core:error] [pid 2354523:tid 2354562] [client 185.177.72.51:42566] AH10244: invalid URI path (/%u002f%u002eaws%u002fconfig)
[Tue Mar 17 10:58:23.180618 2026] [core:error] [pid 2354538:tid 2354594] [client 185.177.72.51:42582] AH10244: invalid URI path (/%u002fconfig%u002faws%u002ephp)
[Tue Mar 17 10:58:24.617674 2026] [core:error] [pid 2354636:tid 2354646] [client 185.177.72.51:42586] AH10244: invalid URI path (/%u002fconfig%u002faws%u002eyml)
[Tue Mar 17 10:58:27.100700 2026] [core:error] [pid 2354538:tid 2354619] [client 185.177.72.51:42590] AH10244: invalid URI path (/%u002fconfig%u002faws%u002eyaml)
[Tue Mar 17 10:58:27.402949 2026] [core:error] [pid 2354636:tid 2354656] [client 185.177.72.51:42606] AH10244: invalid URI path (/%u002fbackup%u002faws-credentials%u002ejson)
[Tue Mar 17 11:00:27.235950 2026] [core:error] [pid 2354538:tid 2354607] [client 185.177.72.23:59714] AH10244: invalid URI path (/%u002f%u002eaws%u002fcredentials)
[Tue Mar 17 11:00:27.585624 2026] [core:error] [pid 2354636:tid 2354647] [client 185.177.72.23:25180] AH10244: invalid URI path (/%u002f%u002eaws%u002fconfig)
[Tue Mar 17 11:00:29.212905 2026] [core:error] [pid 2354636:tid 2354652] [client 185.177.72.23:52148] AH10244: invalid URI path (/%u002fconfig%u002faws%u002ephp)
[Tue Mar 17 11:00:29.514877 2026] [core:error] [pid 2354538:tid 2354601] [client 185.177.72.23:52150] AH10244: invalid URI path (/%u002fconfig%u002faws%u002eyml)
[Tue Mar 17 11:00:29.817705 2026] [core:error] [pid 2354538:tid 2354596] [client 185.177.72.23:52158] AH10244: invalid URI path (/%u002fconfig%u002faws%u002eyaml)
[Tue Mar 17 11:00:33.848856 2026] [core:error] [pid 2354523:tid 2354571] [client 185.177.72.23:52172] AH10244: invalid URI path (/%u002fbackup%u002faws-credentials%u002ejson)
[Tue Mar 17 11:10:23.135121 2026] [mpm_event:notice] [pid 206295:tid 206295] AH00493: SIGUSR1 received. Doing graceful restart
[Tue Mar 17 11:10:24.149334 2026] [:notice] [pid 2354519:tid 2354519] [host dedi-14684855.grupobig.com] mod_lsapi: Selfstarter 2354519 stopped
[Tue Mar 17 11:10:24.201922 2026] [lsapi:notice] [pid 206295:tid 206295] mod_lsapi: version 1.1-81
[Tue Mar 17 11:10:24.203917 2026] [:notice] [pid 2371697:tid 2371697] [host dedi-14684855.grupobig.com] mod_lsapi: Selfstarter 2371697 started
[Tue Mar 17 11:10:24.222954 2026] [mpm_event:notice] [pid 206295:tid 206295] AH00489: Apache/2.4.66 (cPanel) OpenSSL/3.5.1 mod_bwlimited/1.4 configured -- resuming normal operations
[Tue Mar 17 11:10:24.222995 2026] [core:notice] [pid 206295:tid 206295] AH00094: Command line: '/usr/sbin/httpd'
[Tue Mar 17 11:10:29.921472 2026] [log_config:warn] [pid 2354636:tid 2354640] (32)Broken pipe: [client 187.109.221.38:58267] AH00646: Error writing to |/usr/local/cpanel/bin/splitlogs --dir=/etc/apache2/logs/domlogs --main=dedi-14684855.grupobig.com --suffix=-bytes_log, referer: https://webmail.grupobig.com/cpsess2992513371/3rdparty/roundcube/?_task=mail&_mbox=INBOX
[Tue Mar 17 11:10:29.921578 2026] [log_config:warn] [pid 2354636:tid 2354640] (32)Broken pipe: [client 187.109.221.38:58267] AH00646: Error writing to |/usr/local/cpanel/bin/splitlogs --main=apache-traffic.log --mainout=/var/log/cpanel-server-traffic/web/traffic-apache.log, referer: https://webmail.grupobig.com/cpsess2992513371/3rdparty/roundcube/?_task=mail&_mbox=INBOX
[Tue Mar 17 11:10:29.921604 2026] [log_config:warn] [pid 2354636:tid 2354640] (32)Broken pipe: [client 187.109.221.38:58267] AH00646: Error writing to |/usr/local/cpanel/bin/splitlogs --dir=/etc/apache2/logs/domlogs --main=dedi-14684855.grupobig.com --mainout=/etc/apache2/logs/access_log, referer: https://webmail.grupobig.com/cpsess2992513371/3rdparty/roundcube/?_task=mail&_mbox=INBOX
[Tue Mar 17 11:11:11.759464 2026] [log_config:warn] [pid 2354523:tid 2354557] (32)Broken pipe: [client 187.109.221.38:52198] AH00646: Error writing to |/usr/local/cpanel/bin/splitlogs --dir=/etc/apache2/logs/domlogs --main=dedi-14684855.grupobig.com --suffix=-bytes_log, referer: https://webmail.grupobig.com/cpsess2311452136/3rdparty/roundcube/?_task=mail&_mbox=INBOX.spam
[Tue Mar 17 11:11:11.759540 2026] [log_config:warn] [pid 2354523:tid 2354557] (32)Broken pipe: [client 187.109.221.38:52198] AH00646: Error writing to |/usr/local/cpanel/bin/splitlogs --main=apache-traffic.log --mainout=/var/log/cpanel-server-traffic/web/traffic-apache.log, referer: https://webmail.grupobig.com/cpsess2311452136/3rdparty/roundcube/?_task=mail&_mbox=INBOX.spam
[Tue Mar 17 11:11:11.759557 2026] [log_config:warn] [pid 2354523:tid 2354557] (32)Broken pipe: [client 187.109.221.38:52198] AH00646: Error writing to |/usr/local/cpanel/bin/splitlogs --dir=/etc/apache2/logs/domlogs --main=dedi-14684855.grupobig.com --mainout=/etc/apache2/logs/access_log, referer: https://webmail.grupobig.com/cpsess2311452136/3rdparty/roundcube/?_task=mail&_mbox=INBOX.spam
[Tue Mar 17 11:11:12.100290 2026] [log_config:warn] [pid 2354538:tid 2354601] (32)Broken pipe: [client 187.109.221.38:52947] AH00646: Error writing to |/usr/local/cpanel/bin/splitlogs --dir=/etc/apache2/logs/domlogs --main=dedi-14684855.grupobig.com --suffix=-bytes_log, referer: https://webmail.grupobig.com/cpsess9475598628/3rdparty/roundcube/?_task=mail&_mbox=INBOX
[Tue Mar 17 11:11:12.100405 2026] [log_config:warn] [pid 2354538:tid 2354601] (32)Broken pipe: [client 187.109.221.38:52947] AH00646: Error writing to |/usr/local/cpanel/bin/splitlogs --main=apache-traffic.log --mainout=/var/log/cpanel-server-traffic/web/traffic-apache.log, referer: https://webmail.grupobig.com/cpsess9475598628/3rdparty/roundcube/?_task=mail&_mbox=INBOX
[Tue Mar 17 11:11:12.100423 2026] [log_config:warn] [pid 2354538:tid 2354601] (32)Broken pipe: [client 187.109.221.38:52947] AH00646: Error writing to |/usr/local/cpanel/bin/splitlogs --dir=/etc/apache2/logs/domlogs --main=dedi-14684855.grupobig.com --mainout=/etc/apache2/logs/access_log, referer: https://webmail.grupobig.com/cpsess9475598628/3rdparty/roundcube/?_task=mail&_mbox=INBOX
[Tue Mar 17 11:13:27.592182 2026] [log_config:warn] [pid 2354538:tid 2354609] (32)Broken pipe: [client 47.128.55.93:26258] AH00646: Error writing to |/usr/local/cpanel/bin/splitlogs --dir=/etc/apache2/logs/domlogs --main=dedi-14684855.grupobig.com --suffix=-bytes_log
[Tue Mar 17 11:13:27.592343 2026] [log_config:warn] [pid 2354538:tid 2354609] (32)Broken pipe: [client 47.128.55.93:26258] AH00646: Error writing to |/usr/local/cpanel/bin/splitlogs --main=apache-traffic.log --mainout=/var/log/cpanel-server-traffic/web/traffic-apache.log
[Tue Mar 17 11:13:27.592374 2026] [log_config:warn] [pid 2354538:tid 2354609] (32)Broken pipe: [client 47.128.55.93:26258] AH00646: Error writing to |/usr/local/cpanel/bin/splitlogs --dir=/etc/apache2/logs/domlogs --main=dedi-14684855.grupobig.com --mainout=/etc/apache2/logs/access_log
[Tue Mar 17 11:18:00.629502 2026] [core:error] [pid 2371758:tid 2371826] [client 185.177.72.30:56370] AH10244: invalid URI path (/%u002f%u002eaws%u002fcredentials)
[Tue Mar 17 11:18:01.122961 2026] [core:error] [pid 2371759:tid 2371837] [client 185.177.72.30:56382] AH10244: invalid URI path (/%u002f%u002eaws%u002fconfig)
[Tue Mar 17 11:18:01.526970 2026] [core:error] [pid 2371759:tid 2371836] [client 185.177.72.30:56394] AH10244: invalid URI path (/%u002fconfig%u002faws%u002ephp)
[Tue Mar 17 11:18:01.706995 2026] [core:error] [pid 2371759:tid 2371838] [client 185.177.72.56:62826] AH10244: invalid URI path (/%u002f%u002eaws%u002fcredentials)
[Tue Mar 17 11:18:01.838569 2026] [core:error] [pid 2371757:tid 2371788] [client 185.177.72.30:56410] AH10244: invalid URI path (/%u002fconfig%u002faws%u002eyml)
[Tue Mar 17 11:18:02.180717 2026] [core:error] [pid 2371758:tid 2371789] [client 185.177.72.30:56414] AH10244: invalid URI path (/%u002fconfig%u002faws%u002eyaml)
[Tue Mar 17 11:18:02.223356 2026] [core:error] [pid 2371758:tid 2371797] [client 185.177.72.56:26780] AH10244: invalid URI path (/%u002f%u002eaws%u002fconfig)
[Tue Mar 17 11:18:02.516354 2026] [core:error] [pid 2371758:tid 2371779] [client 185.177.72.30:56420] AH10244: invalid URI path (/%u002fbackup%u002faws-credentials%u002ejson)
[Tue Mar 17 11:18:02.785590 2026] [core:error] [pid 2371758:tid 2371808] [client 185.177.72.56:26784] AH10244: invalid URI path (/%u002fconfig%u002faws%u002ephp)
[Tue Mar 17 11:18:02.853837 2026] [core:error] [pid 2371758:tid 2371803] [client 185.177.72.30:56422] AH10244: invalid URI path (/%u002faws%u002fcredentials%u002etxt)
[Tue Mar 17 11:18:03.159183 2026] [core:error] [pid 2371758:tid 2371810] [client 185.177.72.30:56424] AH10244: invalid URI path (/%u002eenv%u002eaws)
[Tue Mar 17 11:18:03.318130 2026] [core:error] [pid 2371758:tid 2371792] [client 185.177.72.56:26790] AH10244: invalid URI path (/%u002fconfig%u002faws%u002eyml)
[Tue Mar 17 11:18:03.476022 2026] [core:error] [pid 2371759:tid 2371805] [client 185.177.72.30:56426] AH10244: invalid URI path (/%u002faws_keys%u002etxt)
[Tue Mar 17 11:18:03.783374 2026] [core:error] [pid 2371757:tid 2371796] [client 185.177.72.56:26800] AH10244: invalid URI path (/%u002fconfig%u002faws%u002eyaml)
[Tue Mar 17 11:18:03.819742 2026] [core:error] [pid 2371700:tid 2371730] [client 185.177.72.30:56430] AH10244: invalid URI path (/%u002f%u002eaws-secrets%u002ejson)
[Tue Mar 17 11:18:04.126054 2026] [core:error] [pid 2371759:tid 2371813] [client 185.177.72.30:56434] AH10244: invalid URI path (/%u002fstorage%u002fapp%u002faws%u002ejson)
[Tue Mar 17 11:18:04.225514 2026] [core:error] [pid 2371759:tid 2371811] [client 185.177.72.56:26802] AH10244: invalid URI path (/%u002fbackup%u002faws-credentials%u002ejson)
[Tue Mar 17 11:18:04.477606 2026] [core:error] [pid 2371757:tid 2371761] [client 185.177.72.30:56436] AH10244: invalid URI path (/%u002fconfig%u002fservices%u002ephp)
[Tue Mar 17 11:18:04.673978 2026] [core:error] [pid 2371700:tid 2371732] [client 185.177.72.56:26818] AH10244: invalid URI path (/%u002faws%u002fcredentials%u002etxt)
[Tue Mar 17 11:18:04.874590 2026] [core:error] [pid 2371700:tid 2371736] [client 185.177.72.30:56452] AH10244: invalid URI path (/%u002fapp%u002fconfig%u002faws%u002ephp)
[Tue Mar 17 11:18:05.087202 2026] [core:error] [pid 2371759:tid 2371809] [client 185.177.72.56:26834] AH10244: invalid URI path (/%u002eenv%u002eaws)
[Tue Mar 17 11:18:05.354457 2026] [core:error] [pid 2371759:tid 2371827] [client 185.177.72.30:56460] AH10244: invalid URI path (/%u002faws%u002fconfig%u002ejson)
[Tue Mar 17 11:18:05.478058 2026] [core:error] [pid 2371759:tid 2371819] [client 185.177.72.56:26838] AH10244: invalid URI path (/%u002faws_keys%u002etxt)
[Tue Mar 17 11:18:05.837662 2026] [core:error] [pid 2371758:tid 2371823] [client 185.177.72.30:56462] AH10244: invalid URI path (/%u002f%u002eenv%u002ebackup)
[Tue Mar 17 11:18:05.909738 2026] [core:error] [pid 2371701:tid 2371751] [client 185.177.72.56:26850] AH10244: invalid URI path (/%u002f%u002eaws-secrets%u002ejson)
[Tue Mar 17 11:18:06.289230 2026] [core:error] [pid 2371759:tid 2371829] [client 185.177.72.56:26860] AH10244: invalid URI path (/%u002fstorage%u002fapp%u002faws%u002ejson)
[Tue Mar 17 11:18:06.682862 2026] [core:error] [pid 2371700:tid 2371707] [client 185.177.72.56:26870] AH10244: invalid URI path (/%u002fconfig%u002fservices%u002ephp)
[Tue Mar 17 11:18:07.085603 2026] [core:error] [pid 2371757:tid 2371765] [client 185.177.72.56:26882] AH10244: invalid URI path (/%u002fapp%u002fconfig%u002faws%u002ephp)
[Tue Mar 17 11:18:07.357861 2026] [core:error] [pid 2371759:tid 2371832] [client 185.177.72.30:56466] AH10244: invalid URI path (/%u002f%u002eenv%u002elocal)
[Tue Mar 17 11:18:07.464156 2026] [core:error] [pid 2371758:tid 2371776] [client 185.177.72.56:26890] AH10244: invalid URI path (/%u002faws%u002fconfig%u002ejson)
[Tue Mar 17 11:18:07.835576 2026] [core:error] [pid 2371757:tid 2371768] [client 185.177.72.30:5214] AH10244: invalid URI path (/%u002f%u002eenv%u002estaging)
[Tue Mar 17 11:18:07.926079 2026] [core:error] [pid 2371759:tid 2371837] [client 185.177.72.56:26898] AH10244: invalid URI path (/%u002f%u002eenv%u002ebackup)
[Tue Mar 17 11:18:08.320224 2026] [core:error] [pid 2371701:tid 2371753] [client 185.177.72.30:5230] AH10244: invalid URI path (/%u002fconfig%u002faws_s3%u002ephp)
[Tue Mar 17 11:18:08.382848 2026] [core:error] [pid 2371759:tid 2371836] [client 185.177.72.56:26914] AH10244: invalid URI path (/%u002f%u002eenv%u002elocal)
[Tue Mar 17 11:18:08.843564 2026] [core:error] [pid 2371759:tid 2371839] [client 185.177.72.30:5242] AH10244: invalid URI path (/%u002f%u002eaws%u002fcredentials%u002ed%u002f)
[Tue Mar 17 11:18:08.866523 2026] [core:error] [pid 2371700:tid 2371716] [client 185.177.72.56:26922] AH10244: invalid URI path (/%u002f%u002eenv%u002estaging)
[Tue Mar 17 11:18:09.236622 2026] [core:error] [pid 2371757:tid 2371770] [client 185.177.72.30:5248] AH10244: invalid URI path (/%u002fstorage%u002flogs%u002faws%u002elog)
[Tue Mar 17 11:18:09.579789 2026] [core:error] [pid 2371700:tid 2371712] [client 185.177.72.30:5260] AH10244: invalid URI path (/%u002fconfig%u002ffilesystems%u002ephp)
[Tue Mar 17 11:18:09.644325 2026] [core:error] [pid 2371759:tid 2371795] [client 185.177.72.56:26936] AH10244: invalid URI path (/%u002fconfig%u002faws_s3%u002ephp)
[Tue Mar 17 11:18:09.886894 2026] [core:error] [pid 2371759:tid 2371805] [client 185.177.72.30:5272] AH10244: invalid URI path (/%u002fconfig%u002fqueue%u002ephp)
[Tue Mar 17 11:18:10.191886 2026] [core:error] [pid 2371759:tid 2371811] [client 185.177.72.30:5274] AH10244: invalid URI path (/%u002fcache%u002faws-config%u002ejson)
[Tue Mar 17 11:18:10.335885 2026] [core:error] [pid 2371758:tid 2371779] [client 185.177.72.56:26948] AH10244: invalid URI path (/%u002f%u002eaws%u002fcredentials%u002ed%u002f)
[Tue Mar 17 11:18:10.488267 2026] [core:error] [pid 2371757:tid 2371775] [client 185.177.72.30:5288] AH10244: invalid URI path (/%u002faws%u002fiam-keys%u002ejson)
[Tue Mar 17 11:18:10.755955 2026] [core:error] [pid 2371701:tid 2371720] [client 185.177.72.56:26954] AH10244: invalid URI path (/%u002fstorage%u002flogs%u002faws%u002elog)
[Tue Mar 17 11:18:10.788052 2026] [core:error] [pid 2371759:tid 2371809] [client 185.177.72.30:5296] AH10244: invalid URI path (/%u002fapp%u002faws%u002fcredentials%u002ephp)
[Tue Mar 17 11:18:11.139545 2026] [core:error] [pid 2371759:tid 2371827] [client 185.177.72.56:26964] AH10244: invalid URI path (/%u002fconfig%u002ffilesystems%u002ephp)
[Tue Mar 17 11:18:11.222145 2026] [core:error] [pid 2371759:tid 2371819] [client 185.177.72.30:5312] AH10244: invalid URI path (/%u002fconfig%u002fsendgrid%u002ephp)
[Tue Mar 17 11:18:11.582216 2026] [core:error] [pid 2371759:tid 2371829] [client 185.177.72.56:27392] AH10244: invalid URI path (/%u002fconfig%u002fqueue%u002ephp)
[Tue Mar 17 11:18:11.707669 2026] [core:error] [pid 2371759:tid 2371833] [client 185.177.72.30:5326] AH10244: invalid URI path (/%u002f%u002eenv%u002esendgrid)
[Tue Mar 17 11:18:12.173115 2026] [core:error] [pid 2371759:tid 2371837] [client 185.177.72.56:27404] AH10244: invalid URI path (/%u002fcache%u002faws-config%u002ejson)
[Tue Mar 17 11:18:12.180598 2026] [core:error] [pid 2371759:tid 2371834] [client 185.177.72.30:5340] AH10244: invalid URI path (/%u002fsendgrid%u002fapi_key%u002etxt)
[Tue Mar 17 11:18:12.691194 2026] [core:error] [pid 2371759:tid 2371802] [client 185.177.72.30:5344] AH10244: invalid URI path (/%u002fconfig%u002fmail%u002ephp)
[Tue Mar 17 11:18:12.722683 2026] [core:error] [pid 2371700:tid 2371710] [client 185.177.72.56:27410] AH10244: invalid URI path (/%u002faws%u002fiam-keys%u002ejson)
[Tue Mar 17 11:18:13.193777 2026] [core:error] [pid 2371759:tid 2371838] [client 185.177.72.30:5354] AH10244: invalid URI path (/%u002fstorage%u002fapp%u002fsendgrid%u002ejson)
[Tue Mar 17 11:18:13.296844 2026] [core:error] [pid 2371701:tid 2371724] [client 185.177.72.56:27412] AH10244: invalid URI path (/%u002fapp%u002faws%u002fcredentials%u002ephp)
[Tue Mar 17 11:18:13.689143 2026] [core:error] [pid 2371759:tid 2371805] [client 185.177.72.30:5358] AH10244: invalid URI path (/%u002f%u002esg_config%u002ejson)
[Tue Mar 17 11:18:13.910319 2026] [core:error] [pid 2371759:tid 2371820] [client 185.177.72.56:27414] AH10244: invalid URI path (/%u002fconfig%u002fsendgrid%u002ephp)
[Tue Mar 17 11:18:14.217120 2026] [core:error] [pid 2371758:tid 2371812] [client 185.177.72.30:5362] AH10244: invalid URI path (/%u002f%u002esendgrid_config)
[Tue Mar 17 11:18:14.502311 2026] [core:error] [pid 2371759:tid 2371825] [client 185.177.72.56:27428] AH10244: invalid URI path (/%u002f%u002eenv%u002esendgrid)
[Tue Mar 17 11:18:14.705472 2026] [core:error] [pid 2371759:tid 2371809] [client 185.177.72.30:5364] AH10244: invalid URI path (/%u002fsendgrid_config%u002ejson)
[Tue Mar 17 11:18:15.075398 2026] [core:error] [pid 2371759:tid 2371819] [client 185.177.72.56:27434] AH10244: invalid URI path (/%u002fsendgrid%u002fapi_key%u002etxt)
[Tue Mar 17 11:18:15.103807 2026] [core:error] [pid 2371757:tid 2371785] [client 185.177.72.30:5376] AH10244: invalid URI path (/%u002fbackup%u002fsendgrid-credentials%u002etxt)
[Tue Mar 17 11:18:15.447423 2026] [core:error] [pid 2371759:tid 2371835] [client 185.177.72.30:5388] AH10244: invalid URI path (/%u002fapp%u002fconfig%u002fmail%u002ephp)
[Tue Mar 17 11:18:15.680412 2026] [core:error] [pid 2371759:tid 2371833] [client 185.177.72.56:27446] AH10244: invalid URI path (/%u002fconfig%u002fmail%u002ephp)
[Tue Mar 17 11:18:15.755610 2026] [core:error] [pid 2371759:tid 2371832] [client 185.177.72.30:5402] AH10244: invalid URI path (/%u002fvendor%u002fsendgrid%u002fsendgrid%u002ephp)
[Tue Mar 17 11:18:16.068184 2026] [core:error] [pid 2371759:tid 2371837] [client 185.177.72.30:5418] AH10244: invalid URI path (/%u002fconfig%u002femail%u002ephp)
[Tue Mar 17 11:18:16.188764 2026] [core:error] [pid 2371759:tid 2371804] [client 185.177.72.56:27450] AH10244: invalid URI path (/%u002fstorage%u002fapp%u002fsendgrid%u002ejson)
